q(k). What is the remainder when y(g) is divided by 7?
5
What is the remainder when 16 is divided by ((-21)/(-4))/(-7)*(1 + -9)?
4
Let i = -90 - -147. Calculate the remainder when i is divided by 32.
25
Suppose -8*j + 4*j = 12. Suppose -y + 27 = -4*f, -3*f = -5*y - 26 + 127. What is the remainder when y is divided by (0 - j/(-6))*-14?
5
What is the remainder when 84 is divided by 3050/70 - (-1 + 4/7)?
40
Let j(i) = i**3 - 18*i**2 - 30*i + 10. Calculate the remainder when j(20) is divided by 53.
51
Let v(p) = -2*p - 4. Let g be v(-4). Suppose 4*t + 5*c = 3*c + 34, -g*c = t - 19. Calculate the remainder when 18 is divided by t.
4
Suppose 5*h = 4*h + 60. What is the remainder when h is divided by 31?
29
Let v(d) = d**2 - 4*d - 3. Let h be v(4). Let z(l) = 27 - 15 - l - 12. Calculate the remainder when z(h) is divided by 2.
1
Suppose -4*w + 41 = -135. Let a = w + -16. Calculate the remainder when a is divided by 15.
13
Let w(q) = 2*q**2 + 2*q - 2. Suppose -2*l = 3*u - 13, -3 + 6 = u. Let a(y) = -y - 3. Calculate the remainder when w(l) is divided by a(-7).
2
Let b = 12 + -8. Suppose b*d + 0 = 5*c - 3, -5*d + 18 = c. Calculate the remainder when 4 is divided by c.
1
Let h(m) = 5*m + 8. Let u(g) = -5*g - 7. Let o(l) = 2*h(l) + 3*u(l). What is the remainder when (24 + (0 - 2))*2 is divided by o(-4)?
14
Suppose -5*c - 29 = 1. Calculate the remainder when (14/c)/((-5)/105) is divided by 25.
24
Let k = -12 - -14. Suppose -k*r + 21 = -89. Calculate the remainder when r is divided by 14.
13
Let r(u) = -3*u - 1. Let d be r(-1). Suppose c + 23 = d*c. Calculate the remainder when c is divided by 12.
11
Let a = 44 + -40. Calculate the remainder when 6 is divided by a.
2
Suppose j - 2*o + 6*o - 10 = 0, 0 = -4*j + 4*o - 20. Calculate the remainder when 16/(3/j + 2) is divided by 9.
5
Let f = -17 - -20. Calculate the remainder when 4 is divided by f.
1
Suppose b - 4*i = -i + 1, -4*b = -5*i + 3. Let f = b + 3. Suppose -3*a + 5*h - 7 = 0, 6*a + 5*h - 15 = a. What is the remainder when a is divided by f?
0
Let t(f) = 19*f + 2. Suppose 0 = -c + 11 + 10. Let q = c - 7. Calculate the remainder when t(2) is divided by q.
12
Let d = 18 + -31. Let b = 7 - d. What is the remainder when b is divided by 7?
6
Suppose 2*a - 4 = 2. Suppose 1 = -a*d + 7. Calculate the remainder when 33 is divided by (2/(-4))/(d/(-48)).
9
Let y(s) = 3*s**2 + 2*s + 8. Let z be y(-7). Let l = -75 + z. What is the remainder when l is divided by 17?
15
Let t be (0 + -1)/((-2)/(-12)). Let w be 101/(-4) - 1/(-4). Let y = t - w. Calculate the remainder when y is divided by 10.
9
Suppose -3 = 3*i + 3, 2*x = 3*i + 94. What is the remainder when x is divided by 15?
14
Suppose 0 = -4*d - d + 120. What is the remainder when 47 is divided by d?
23
Let l(r) = -r**3 + 12*r**2 - 4*r + 29. What is the remainder when l(11) is divided by 36?
34
Suppose -3*h + 5*f = -34, 6*f + 25 = f. What is the remainder when 4 is divided by h?
1
Let k(a) = a - 9. Let m be k(14). Suppose -6 = 3*d - 21. Suppose 3*z = -d*t + 110, 2*z - 48 = 3*t - m*t. Calculate the remainder when 55 is divided by t.
17
Let y(n) = n**2 + 9*n - 17. Calculate the remainder when 10 is divided by y(-11).
0
Let y be (0 + -3)*(-8)/(-6). Let i = 6 + y. Let j(g) = 2*g**3 - 4*g**2 + 3*g - 2. Calculate the remainder when 7 is divided by j(i).
3
Let k(v) = v**3 - 4*v**2 - 3*v - 3. Calculate the remainder when 4811/255 + 5/(75/2) is divided by k(5).
5
Suppose 19 - 5 = 7*y. Calculate the remainder when 7 is divided by y.
1
Suppose -v + 59 = 2*n, -v + 23 = n - 34. What is the remainder when v is divided by -6*(-124)/54 + 8/36?
13
Let t = 24 + -18. Let q(x) = -x + 14. Calculate the remainder when 15 is divided by q(t).
7
Calculate the remainder when 9 - 2 - (-1 + 1) is divided by 2.
1
Let m be (-1)/(2/(-4)) + -18. Let q = m - -24. Let v(u) = u + 22. What is the remainder when v(0) is divided by q?
6
Let b = -19 + 61. Suppose 0 = h - 16 - b. Calculate the remainder when h is divided by 20.
18
Let g = -31 - -48. What is the remainder when 30 is divided by g?
13
Suppose -y + 3*y = -4*g + 66, -y - 43 = -2*g. Calculate the remainder when g is divided by (-1)/(2 - (-2 - 42/(-10))).
4
Let n = -40 + 7. Calculate the remainder when 11 is divided by (-11)/n*(-1 - -10).
2
Suppose 0*p = 3*q - 5*p - 309, 3*q - 4*p = 309. Suppose -4*i + q + 19 = d, 5*d = 5*i - 165. Calculate the remainder when i is divided by 11.
9
Suppose -3*g = -4*d - 33, 2*g = 6*d - 3*d + 22. What is the remainder when g is divided by 5?
1
Let l = -23 + 35. Let u be 6/(-2) + 37 + 0. Let f = u + -11. What is the remainder when f is divided by l?
11
Let t = 16 - -7. What is the remainder when t is divided by 5?
3
Suppose -170 = -m - 4*m. What is the remainder when m is divided by 7?
6
Let u = 26 - 17. Calculate the remainder when 15 is divided by u.
6
Let j be 6/(-15) + 17/5. Let m be (20/(-6))/((-2)/j). Suppose 2*b - m*w + 16 = 0, 3*b - 2*w - 22 = -6*w. What is the remainder when 3 is divided by b?
1
Let p = 18 + -5. Suppose 2*z - z - p = 0. What is the remainder when 23 is divided by z?
10
Suppose -1 = 3*w - 28. Let z be ((-3)/3 - 3)/(-2). Suppose 2*r - z*n - 22 = -2*r, 5*n + 25 = 0. What is the remainder when w is divided by r?
0
Suppose -10 = -5*n, -4*w + 4*n + 0*n = -84. What is the remainder when w is divided by 7 + -2*(-1)/2?
7
Let k(b) = -b**3 - 2*b**2 - b - 2. Let n(j) = j**2 + 3*j - 2. Let r be n(-3). Let o be k(r). What is the remainder when (2/3 + o)*15 is divided by 3?
1
Let w(x) be the first derivative of 2*x**2 + x - 3. Let t = 3 - 2. What is the remainder when 9 is divided by w(t)?
4
Suppose -5*b + 20 = -0*b. Suppose -b*a - 75 = a. Let u = 25 + a. Calculate the remainder when 19 is divided by u.
9
Suppose 7*b = 71 - 43. What is the remainder when 20 is divided by b?
0
Suppose -8*a + 90 = -3*a. Calculate the remainder when 53 is divided by a.
17
Suppose -o = -141 + 13. Calculate the remainder when 25 is divided by (-3)/21 + o/14.
7
Let m = 76 + -22. Let c(o) = o**3 + o**2 - o + 19. What is the remainder when m is divided by c(0)?
16
Let z be ((-4)/(-10))/(2/(-60)). Let i = z - -37. What is the remainder when i is divided by 13?
12
Let l(o) = o + 1. Let r(d) = 23*d - 6. Let x(q) = 5*l(q) + r(q). Calculate the remainder when x(1) is divided by 3/2*28/3.
13
Suppose -3*u = 65 - 329. Calculate the remainder when u is divided by 30.
28
Calculate the remainder when 346/(-1 + 3) - -1 is divided by 35.
34
Let k = -2 - -14. Calculate the remainder when 45 is divided by k.
9
Suppose 5*p - s - 40 = 0, -14 = -p - 0*s - s. Let b = 85 - p. What is the remainder when b is divided by 26?
24
Let i(j) = -j**3 - 9*j**2 - 10*j - 4. Let c be i(-8). Let x = 17 + c. Let t = -12 + x. Calculate the remainder when t is divided by 6.
5
Let k be 1 + (-1 - (2 + -4)). Suppose -v - 4*c + 31 = c, k*v + 4*c = 32. Let z(n) = 8*n - 5. Calculate the remainder when z(v) is divided by 15.
13
Suppose n + 2 - 40 = 0. What is the remainder when n is divided by 11 - (0 + -2 - -3)?
8
Let g(h) = h**3 + 4*h**2 + 2*h + 1. Let w = 17 + -4. What is the remainder when w is divided by g(-2)?
3
Let h(w) = -14*w**3 - w**2 - w. Let j(i) be the second derivative of 7*i**4/6 - i**3/3 + i**2 + 5*i. Calculate the remainder when j(2) is divided by h(-1).
12
What is the remainder when 86 is divided by (-182)/(-4) + (7/(-2) - -3)?
41
Suppose 3 = 5*i - 2, 0 = -3*z - 2*i + 74. Suppose 2*n = 6 + z. Calculate the remainder when n is divided by 8.
7
Suppose 2*i + i + 10 = b, 2*b - 2*i = 20. What is the remainder when 67 is divided by b?
7
Let n be ((-10)/25)/(1/(-5)). Suppose h - 10 = -h. Suppose n*p + 5*m = 31, -10 = h*p - 6*m + m. Calculate the remainder when 5 is divided by p.
2
Let m(c) = -c**2 - c + 7. Let h(v) = -12*v**3. Calculate the remainder when h(-1) is divided by m(-2).
2
Let n(s) = s**2 - 8*s + 8. What is the remainder when ((-6)/(-4) - 2)*-26 is divided by n(8)?
5
Let m = 16 + 0. Suppose 0 = 5*g - 5*x + 35, g + 0*x = -x + 3. Let s(w) = -w**3 - w**2 - w. Calculate the remainder when m is divided by s(g).
4
Suppose -2*j + 7*j = 50. Suppose -j = -2*r - 3*r. Suppose -5*t + 50 = -i, -4*t - 2*i - r*i = -16. Calculate the remainder when 16 is divided by t.
7
Suppose -5*z + 3*s = -181, 2*z - 5*s - 34 = 27. What is the remainder when z is divided by